 and 670?
335
What is the highest common divisor of 21293 and 535?
107
Calculate the greatest common factor of 40 and 637960.
40
Calculate the greatest common divisor of 48 and 485436.
12
What is the greatest common divisor of 101325 and 42?
21
What is the highest common divisor of 111 and 29674?
37
Calculate the highest common factor of 6135 and 3510.
15
Calculate the highest common factor of 3848 and 52312.
104
Calculate the greatest common divisor of 295125 and 250.
125
What is the highest common divisor of 399 and 24643?
19
Calculate the highest common factor of 144 and 12448.
16
Calculate the highest common factor of 20 and 905.
5
What is the highest common divisor of 372 and 213404?
124
Calculate the greatest common factor of 252 and 246.
6
What is the greatest common divisor of 67524 and 255?
51
Calculate the highest common factor of 306 and 3399558.
102
What is the highest common divisor of 69053 and 10063?
347
Calculate the highest common factor of 192 and 29160.
24
Calculate the highest common divisor of 12220 and 25.
5
Calculate the highest common divisor of 238 and 1619658.
34
Calculate the highest common factor of 7107733 and 1983.
661
Calculate the greatest common divisor of 19 and 1380749.
19
Calculate the highest common divisor of 6 and 167358.
6
Calculate the greatest common factor of 180288 and 16.
16
What is the highest common factor of 228 and 404?
4
Calculate the greatest common factor of 1512 and 36936.
216
Calculate the highest common factor of 27 and 213.
3
What is the greatest common factor of 540394 and 1413?
157
What is the greatest common factor of 14 and 74263?
7
What is the greatest common factor of 387882 and 594?
594
What is the highest common factor of 3990 and 5700?
570
What is the highest common factor of 87 and 135?
3
Calculate the greatest common divisor of 158 and 31442.
158
Calculate the greatest common divisor of 121 and 902.
11
What is the greatest common divisor of 21875 and 3325?
175
What is the greatest common divisor of 1626822 and 72?
18
Calculate the highest common divisor of 13527 and 729.
81
What is the highest common divisor of 3384 and 1739?
47
Calculate the highest common factor of 768 and 1584.
48
What is the highest common factor of 15533 and 98?
49
What is the highest common divisor of 4973 and 2?
1
Calculate the greatest common factor of 22 and 5389725.
11
What is the highest common divisor of 66 and 474837?
33
What is the highest common factor of 7225 and 68493?
289
Calculate the highest common divisor of 32 and 242632.
8
What is the greatest common divisor of 189 and 14400?
9
Calculate the highest common factor of 506 and 40.
2
What is the greatest common divisor of 16908 and 24?
12
What is the highest common factor of 500 and 187750?
250
What is the greatest common divisor of 303730 and 70?
70
Calculate the greatest common factor of 9504 and 222480.
432
Calculate the highest common divisor of 880 and 2288.
176
Calculate the highest common factor of 988620 and 120.
60
Calculate the greatest common divisor of 24837 and 510.
51
Calculate the highest common factor of 16852 and 7277.
383
Calculate the highest common divisor of 33216 and 4.
4
Calculate the greatest common divisor of 146329 and 215.
43
What is the greatest common factor of 111711 and 713?
23
What is the greatest common divisor of 713 and 506?
23
Calculate the highest common divisor of 84 and 276492.
12
Calculate the highest common divisor of 6042 and 4180.
38
Calculate the highest common factor of 2504 and 49.
1
What is the highest common factor of 3392 and 12224?
64
What is the highest common divisor of 25216 and 985?
197
What is the greatest common factor of 490608 and 192?
48
Calculate the highest common factor of 72 and 7464.
24
What is the greatest common factor of 6187 and 92?
23
What is the greatest common factor of 1743 and 70?
7
What is the greatest common factor of 162368 and 3658?
118
What is the greatest common divisor of 542318 and 98?
14
Calculate the highest common factor of 292 and 9198.
146
What is the highest common divisor of 135883 and 33?
11
What is the greatest common factor of 13490 and 315?
5
What is the greatest common factor of 789656 and 1121?
59
Calculate the highest common factor of 40066 and 6210.
46
Calculate the highest common factor of 1430 and 35585.
55
Calculate the greatest common factor of 324 and 24.
12
Calculate the highest common factor of 2933 and 28.
7
Calculate the greatest common divisor of 28271 and 221.
17
What is the greatest common divisor of 6888 and 2310?
42
What is the highest common factor of 12160 and 9595?
95
What is the greatest common factor of 252936 and 99?
9
What is the highest common factor of 42547 and 542?
271
What is the greatest common factor of 80 and 790?
10
What is the highest common divisor of 56320 and 1580?
20
What is the highest common divisor of 84786 and 5538?
78
Calculate the greatest common divisor of 3131 and 1010.
101
What is the greatest common factor of 327996 and 1350?
54
Calculate the highest common factor of 2720 and 173060.
340
Calculate the highest common divisor of 100 and 1550.
50
Calculate the highest common factor of 64731 and 6.
3
What is the highest common factor of 1355 and 72357?
271
What is the greatest common factor of 45 and 78285?
15
What is the greatest common factor of 434 and 42672?
14
What is the greatest common divisor of 272 and 6409?
17
What is the greatest common factor of 891 and 6751701?
297
Calculate the greatest common divisor of 1426 and 11222.
62
Calculate the highest common divisor of 45032 and 884.
52
What is the greatest common divisor of 222592 and 3848?
296
What is the greatest common factor of 729 and 20331?
81
Calculate the greatest common divisor of 8 and 1824584.
8
What is the greatest common factor of 414722 and 154?
154
What is the greatest common factor of 112 and 8386?
14
What is the highest common factor of 296789 and 449?
449
What is the highest common divisor of 463 and 992209?
463
Calculate the highest common factor of 3056773 and 6332.
1583
Calculate the greatest common factor of 18684 and 1188.
108
Calculate the highest common divisor of 2069254 and 110.
22
Calculate the greatest common factor of 440896 and 1472.
64
What is the highest common factor of 36504 and 507?
507
Calculate the greatest common factor of 55 and 28573985.
55
Calculate the highest common factor of 93 and 72509.
31
Calculate the greatest common factor of 46382 and 28.
14
What is the greatest common divisor of 17 and 181033?
17
Calculate the highest common divisor of 4 and 614.
2
Calculate the highest common divisor of 4123756 and 364.
364
Calculate the highest common factor of 21498 and 30.
6
What is the greatest common divisor of 92730 and 24?
6
What is the greatest common divisor of 128 and 44?
4
Calculate the highest common divisor of 63 and 2818179.
63
Calculate the greatest common divisor of 364087 and 15775.
631
Calculate the highest common factor of 112 and 912716.
28
Calculate the highest common divisor of 3240 and 1134.
162
What is the highest common divisor of 5012 and 49?
7
What is the greatest common factor of 2454 and 3558?
6
Calculate the greatest common factor of 72 and 64680.
24
Calculate the highest common factor of 180 and 471900.
60
What is the highest common divisor of 27 and 22587?
3
Calculate the greatest common divisor of 10 and 5889875.
5
Calculate the greatest common divisor of 8 and 469624.
8
Calculate the greatest common divisor of 8848 and 4648.
56
What is the highest common factor of 16500 and 16980?
60
Calculate the greatest common factor of 36 and 91716.
12
Calculate the greatest common factor of 12 and 19443.
3
Calculate the greatest common factor of 50693 and 1866.
311
Calculate the greatest common divisor of 629 and 2057.
17
What is the highest common factor of 6325 and 2827?
11
What is the highest common factor of 58910 and 1720?
430
Calculate the greatest common factor of 18 and 9878.
2
What is the greatest common divisor of 251778 and 116?
58
Calculate the highest common factor of 21945 and 20020.
385
What is the highest common divisor of 964 and 7615600?
964
What is the greatest common factor of 270 and 98250?
30
Calculate the greatest common factor of 99 and 133661.
11
What is the great